t is -8539fd - 1?
-8539fe
In base 12, what is -469b - 17480?
-1bb5b
In base 9, what is 66126 + -4834?
61182
In base 14, what is -37 - 401d0?
-40227
In base 11, what is a5 + -1936?
-1841
In base 10, what is 690 + -3261?
-2571
In base 13, what is 0 - 78b1b4?
-78b1b4
In base 6, what is -3 - 11001224224?
-11001224231
In base 6, what is -3 + 325343321?
325343314
In base 7, what is 4 - -11246521?
11246525
In base 11, what is -36 - 16305?
-16340
In base 16, what is -9132816 - -1?
-9132815
In base 15, what is a - 1ec694?
-1ec689
In base 6, what is -3532134 + -2225?
-3534403
In base 3, what is -220111112012222 + -1100?
-220111112021022
In base 7, what is 3566 + -50102?
-43203
In base 7, what is -3 - -1363004346?
1363004343
In base 2, what is -1010011011101011001000010 - 100?
-1010011011101011001000110
In base 12, what is 426310 - 5b9?
425913
In base 3, what is -111100211 - -2021002?
-102002202
In base 13, what is b50163 + a?
b50170
In base 16, what is fc5ff1c - 1?
fc5ff1b
In base 14, what is 7c8d - -1?
7c90
In base 2, what is 100010101 + 100011111110110111101?
100011111111011010010
In base 10, what is 143322 + 80?
143402
In base 3, what is 200012 + -20102222001120?
-20102221101101
In base 9, what is 1 + 313365453?
313365454
In base 10, what is 6336 - 11847?
-5511
In base 3, what is -20102 + -1100012100021?
-1100012120200
In base 12, what is -4308854 + 31?
-4308823
In base 2, what is -1110001101001001010 + -111011?
-1110001101010000101
In base 16, what is -4c334 - 2ff?
-4c633
In base 6, what is -3 - 43524532112?
-43524532115
In base 2, what is 110110110001111101101010 + -1010?
110110110001111101100000
In base 6, what is -343444102 + -1?
-343444103
In base 8, what is -252551 + -142?
-252713
In base 10, what is 4 - -2439851?
2439855
In base 9, what is -203410771 - -2?
-203410768
In base 3, what is -10112020202001221 - -2?
-10112020202001212
In base 7, what is -513 - 1010455?
-1011301
In base 8, what is -53612626 - 0?
-53612626
In base 16, what is 3eada + 1?
3eadb
In base 2, what is 1101100100 - -11101101?
10001010001
In base 4, what is -1100211 - 13000133?
-20101010
In base 10, what is -815 - -37?
-778
In base 9, what is 0 - 3021722?
-3021722
In base 10, what is -16 - 906550?
-906566
In base 6, what is -44232004125 + 3?
-44232004122
In base 6, what is -10 - 433010012?
-433010022
In base 5, what is -2222333 + 4104?
-2213224
In base 8, what is 77752627 - 1?
77752626
In base 12, what is 16309 - -16a?
16477
In base 2, what is 10010101111100100100110110 + -11000?
10010101111100100100011110
In base 14, what is -8 - -17a4cc?
17a4c4
In base 12, what is -22152376 - 4?
-2215237a
In base 14, what is 218 - 4516a?
-44d52
In base 2, what is 11111 - -10010011011101001001?
10010011011101101000
In base 2, what is -1010000010 + 1111011001100011?
1111001111100001
In base 10, what is -6204400 - -17?
-6204383
In base 16, what is 95f + 8ad3f?
8b69e
In base 12, what is 5 - 187a9?
-187a4
In base 16, what is 24a + 273df?
27629
In base 15, what is da8a4 - 23?
da881
In base 3, what is 11 + -112212222210010?
-112212222202222
In base 12, what is -485559 + 12?
-485547
In base 7, what is -4453451260 + 3?
-4453451254
In base 8, what is -40 - 2265563?
-2265623
In base 4, what is 1033033303 + 1010?
1033100313
In base 9, what is 1105 - 8724?
-7618
In base 13, what is 751 + -4481?
-3a30
In base 15, what is -16 + -67a272?
-67a288
In base 8, what is -7030 - -156302?
147252
In base 2, what is -1001 + -111011111100110011010?
-111011111100110100011
In base 8, what is -1651237 - -7?
-1651230
In base 6, what is 2153 - 11444155?
-11442002
In base 7, what is -2 + -43002003?
-43002005
In base 2, what is 1111 + -1000111001011001111?
-1000111001011000000
In base 6, what is 253 - 32245353?
-32245100
In base 9, what is -7835120 + 8?
-7835111
In base 5, what is 10232213212 + -4?
10232213203
In base 9, what is 2286 + -212133?
-208736
In base 13, what is -13ca4 - 1c3?
-14197
In base 6, what is -3403 - -41354?
33551
In base 7, what is -43412 + -13?
-43425
In base 5, what is 344332 - 200222?
144110
In base 12, what is 751878a + -2?
7518788
In base 14, what is -46 + -1ac51a?
-1ac562
In base 11, what is -53a - -76505?
75a76
In base 12, what is -1b00986 + -4?
-1b0098a
In base 7, what is 3 + -24130106?
-24130103
In base 4, what is -11030 - -12121123?
12110033
In base 8, what is 60010 - -5457?
65467
In base 6, what is -422025505 + -3?
-422025512
In base 6, what is -1303 + 3320115?
3314412
In base 6, what is 54404 - 12011?
42353
In base 9, what is -122712077 + -3?
-122712081
In base 10, what is 4 + -282439?
-282435
In base 15, what is 2c9614 - -18?
2c962c
In base 15, what is 404b009 + -4?
404b005
In base 9, what is -1533431 - 11?
-1533442
In base 2, what is -1001111111001 + -1011010011?
-1011011001100
In base 3, what is 11 - -112121201100122?
112121201100210
In base 4, what is -1020021030202 - 11?
-1020021030213
In base 10, what is 13 + -52834?
-52821
In base 7, what is 5 + 21504214?
21504222
In base 10, what is -859 + -137288?
-138147
In base 7, what is -132442 - 11631?
-144403
In base 10, what is -16 + 1280194?
1280178
In base 8, what is -116671 + 3224?
-113445
In base 2, what is -10000101101011010000100000001 + -11?
-10000101101011010000100000100
In base 4, what is -1 - -30322332030320?
30322332030313
In base 5, what is 34420332 - 21?
34420311
In base 5, what is -230 + 233244331?
233244101
In base 3, what is -10101010201001 - 11?
-10101010201012
In base 10, what is -114180251 - -2?
-114180249
In base 16, what is 89efd - 21b?
89ce2
In base 11, what is 6a6 + -2582?
-1987
In base 6, what is -24000515 + 415?
-24000100
In base 10, what is -48 + 20147989?
20147941
In base 6, what is -245 + -44523321?
-44524010
In base 4, what is -1223 + 13312102002?
13312100113
In base 12, what is -61 - 5b04a?
-5b0ab
In base 4, what is 330213003 - 1322?
330211021
In base 11, what is -23 + -2832?
-2855
In base 16, what is 262 - -3ea?
64c
In base 2, what is 11 + 1000101000011111111010011101?
1000101000011111111010100000
In base 10, what is -2 - 3135987?
-3135989
In base 12, what is 2 + 37224b4?
37224b6
In base 14, what is 3111c9 + 7?
3111d2
In base 2, what is 11001001100010110 + 1100?
11001001100100010
In base 3, what is -1111101 - -110111222020?
110110110212
In base 7, what is 11502 + 1340?
13142
In base 14, what is -10d3a24 - 3?
-10d3a27
In base 3, what is -1000100011 + -210121?
-1001010202
In base 7, what is -3406 - -101014?
64305
In base 5, what is -1004213 + -300020?
-1304233
In base 16, what is -20e6d0 - 16?
-20e6e6
In base 8, what is -62 + -2230316?
-2230400
In base 9, what is -105 - 1820268?
-1820374
In base 2, what is 1001100 - 111000111100110011010101?
-111000111100110010001001
In base 7, what is -32332341 - -56?
-32332252
In base 2, what is 1101001001000101101 + 1010111000?
1101001010011100101
In base 13, what is -7 - 2638510?
-2638517
In base 5, what is 1 - 2402302241?
-2402302240
In base 14, what is -c - 156c056?
-156c064
In base 6, what is -1320001 + 21300?
-1254301
In base 9, what is 3142038 + 18?
3142057
In base 2, what is 0 - 10000011001110010001010?
-10000011001110010001010
In base 16, what is -a8c + 3e6?
-6a6
In base 16, what is c93f9 + e?
c9407
In base 8, what is 16761 - -3335?
22316
In base 14, what is d466da + -c?
d466cc
In base 8, what is -1403 + -225073?
-226476
In base 2, what is 1011111010110000 - 111011?
1011111001110101
In base 11, what is -53 - -27a92?
27a3a
In base 6, what is 142542240 + -3?
142542233
In base 5, what is 301113120 - 110?
301113010
In base 6, what is -22 - 11303124?
-11303150
In base 4, what is -103210023 - 12210?
-103222233
In base 8, what is 0 + -1651513?
-1651513
In base 10, what is -627534 + -1?
-627535
In base 15, what is 2bce321 - 6?
2bce31a
In base 16, what is 9fae72 + -7?
9fae6b
In base 4, what is -32131200 + -10023?
-32201223
In base 2, what is 10 + 1001011111101101001000010?
1001011111101101001000100
In base 10, what is -2719 - -6627?
3908
In base 9, what is 1061427501 - -1?
1061427502
In base 10, what is 4 + -1287609?
-1287605
In base 6, what is -15 - -13322442?
13322423
In base 7, what is 531 + -4144000?
-4143136
In base 8, what is 36220 - -3425?
41645
In base 10, what is 5892065 - -2?
5892067
In base 14, what is 0 + -18762706?
-18762706
In base 9, what is -141 - -2271602?
22